{"id":7,"date":"2013-11-28T02:42:17","date_gmt":"2013-11-28T02:42:17","guid":{"rendered":"http:\/\/ultimato.com.br\/sites\/a-igreja-autentica\/?page_id=7"},"modified":"2013-11-28T02:48:59","modified_gmt":"2013-11-28T02:48:59","slug":"o-autor","status":"publish","type":"page","link":"https:\/\/ultimato.com.br\/sites\/a-igreja-autentica\/o-autor\/","title":{"rendered":"O Autor"},"content":{"rendered":"<p><a href=\"http:\/\/ultimato.com.br\/sites\/a-igreja-autentica\/files\/2013\/11\/stott.jpg\"><img loading=\"lazy\" decoding=\"async\" class=\"alignleft size-thumbnail wp-image-30\" alt=\"stott\" src=\"http:\/\/ultimato.com.br\/sites\/a-igreja-autentica\/files\/2013\/11\/stott-150x150.jpg\" width=\"150\" height=\"150\" \/><\/a>Conhecido no mundo inteiro como te\u00f3logo, escritor e evangelista, John Stott foi pastor da Igreja de All Souls, em Londres. Foi indicado pela revista Time como uma das cem personalidades mais influentes do mundo e escreveu mais de quarenta livros, entre os quais Por Que Sou Crist\u00e3o, Cristianismo B\u00e1sico, A B\u00edblia Toda, O Ano Todo, A Miss\u00e3o Crist\u00e3 no Mundo Moderno e O Disc\u00edpulo Radical, publicados pela Editora Ultimato.<\/p>\n","protected":false},"excerpt":{"rendered":"<p>Conhecido no mundo inteiro como te\u00f3logo, escritor e evangelista, John Stott foi pastor da Igreja de All Souls, em Londres. Foi indicado pela revista Time como uma das cem personalidades mais influentes do mundo e escreveu mais de quarenta livros, entre os quais Por Que Sou Crist\u00e3o, Cristianismo B\u00e1sico, A B\u00edblia Toda, O Ano Todo, [&hellip;]<\/p>\n","protected":false},"author":24,"featured_media":0,"parent":0,"menu_order":1,"comment_status":"open","ping_status":"open","template":"","meta":{"footnotes":""},"class_list":["post-7","page","type-page","status-publish","hentry"],"_links":{"self":[{"href":"https:\/\/ultimato.com.br\/sites\/a-igreja-autentica\/wp-json\/wp\/v2\/pages\/7","targetHints":{"allow":["GET"]}}],"collection":[{"href":"https:\/\/ultimato.com.br\/sites\/a-igreja-autentica\/wp-json\/wp\/v2\/pages"}],"about":[{"href":"https:\/\/ultimato.com.br\/sites\/a-igreja-autentica\/wp-json\/wp\/v2\/types\/page"}],"author":[{"embeddable":true,"href":"https:\/\/ultimato.com.br\/sites\/a-igreja-autentica\/wp-json\/wp\/v2\/users\/24"}],"replies":[{"embeddable":true,"href":"https:\/\/ultimato.com.br\/sites\/a-igreja-autentica\/wp-json\/wp\/v2\/comments?post=7"}],"version-history":[{"count":2,"href":"https:\/\/ultimato.com.br\/sites\/a-igreja-autentica\/wp-json\/wp\/v2\/pages\/7\/revisions"}],"predecessor-version":[{"id":31,"href":"https:\/\/ultimato.com.br\/sites\/a-igreja-autentica\/wp-json\/wp\/v2\/pages\/7\/revisions\/31"}],"wp:attachment":[{"href":"https:\/\/ultimato.com.br\/sites\/a-igreja-autentica\/wp-json\/wp\/v2\/media?parent=7"}],"curies":[{"name":"wp","href":"https:\/\/api.w.org\/{rel}","templated":true}]}}