{"id":13,"date":"2013-10-03T13:02:52","date_gmt":"2013-10-03T13:02:52","guid":{"rendered":"http:\/\/ultimato.com.br\/sites\/25-livros-que-todo-cristao-deveria-ler\/?page_id=13"},"modified":"2013-10-03T13:14:14","modified_gmt":"2013-10-03T13:14:14","slug":"os-autores","status":"publish","type":"page","link":"https:\/\/ultimato.com.br\/sites\/25-livros-que-todo-cristao-deveria-ler\/os-autores\/","title":{"rendered":"Os autores"},"content":{"rendered":"<p><strong><a href=\"http:\/\/ultimato.com.br\/sites\/25-livros-que-todo-cristao-deveria-ler\/files\/2013\/10\/foto_25_richard.jpg\"><img loading=\"lazy\" decoding=\"async\" class=\"size-thumbnail wp-image-37 alignleft\" alt=\"foto_25_richard\" src=\"http:\/\/ultimato.com.br\/sites\/25-livros-que-todo-cristao-deveria-ler\/files\/2013\/10\/foto_25_richard-150x150.jpg\" width=\"150\" height=\"150\" srcset=\"https:\/\/ultimato.com.br\/sites\/25-livros-que-todo-cristao-deveria-ler\/files\/2013\/10\/foto_25_richard-150x150.jpg 150w, https:\/\/ultimato.com.br\/sites\/25-livros-que-todo-cristao-deveria-ler\/files\/2013\/10\/foto_25_richard-300x300.jpg 300w, https:\/\/ultimato.com.br\/sites\/25-livros-que-todo-cristao-deveria-ler\/files\/2013\/10\/foto_25_richard.jpg 400w\" sizes=\"auto, (max-width: 150px) 100vw, 150px\" \/><\/a>Richard J. Foster<\/strong>\u00a0\u00e9 autor de v\u00e1rios livros, entre eles,\u00a0<em>Celebra\u00e7\u00e3o da Disciplina<\/em>, pastor e conferencista internacional, fundador do minist\u00e9rio Renovare, organiza\u00e7\u00e3o voltada para a reflex\u00e3o e forma\u00e7\u00e3o espiritual.<br \/>\n&nbsp;<\/p>\n<p>&nbsp;<\/p>\n<p>&nbsp;<\/p>\n<p>&nbsp;<\/p>\n<p><strong><a href=\"http:\/\/ultimato.com.br\/sites\/25-livros-que-todo-cristao-deveria-ler\/files\/2013\/10\/foto_25_dallas.jpg\"><img loading=\"lazy\" decoding=\"async\" class=\"size-thumbnail wp-image-39 alignleft\" alt=\"foto_25_dallas\" src=\"http:\/\/ultimato.com.br\/sites\/25-livros-que-todo-cristao-deveria-ler\/files\/2013\/10\/foto_25_dallas-150x150.jpg\" width=\"150\" height=\"150\" srcset=\"https:\/\/ultimato.com.br\/sites\/25-livros-que-todo-cristao-deveria-ler\/files\/2013\/10\/foto_25_dallas-150x150.jpg 150w, https:\/\/ultimato.com.br\/sites\/25-livros-que-todo-cristao-deveria-ler\/files\/2013\/10\/foto_25_dallas-300x300.jpg 300w, https:\/\/ultimato.com.br\/sites\/25-livros-que-todo-cristao-deveria-ler\/files\/2013\/10\/foto_25_dallas.jpg 400w\" sizes=\"auto, (max-width: 150px) 100vw, 150px\" \/><\/a>Dallas Willard<\/strong>\u00a0foi professor da Escola de Filosofia da Universidade do Sul da Calif\u00f3rnia e tamb\u00e9m professor na Universidade de Wisconsin. Ao lado de Richard Foster, foi um dos fundadores do minist\u00e9rio Renovare e autor, entre outros, de<em>Ouvindo Deus<\/em>\u00a0e\u00a0<em>Conspira\u00e7\u00e3o Divina<\/em>.<i><\/i><\/p>\n<p><i>\u00a0<\/i><\/p>\n<p>&nbsp;<\/p>\n<p>&nbsp;<\/p>\n<p>&nbsp;<\/p>\n<p><b>Conselho Editorial<\/b><\/p>\n<p>Gayle Beebe\u00a0 |\u00a0 James Catford\u00a0 |\u00a0 Richard J. Foster\u00a0 |\u00a0 Emilie Griffin\u00a0 |\u00a0 Frederica Mathewes-Green\u00a0 |\u00a0 Michael G. Maudlin\u00a0 |\u00a0 Richard Rohr\u00a0 |\u00a0 Lyle SmithGraybeal\u00a0 |\u00a0 Phyllis Tickle\u00a0 |\u00a0 Chris Webb\u00a0 |\u00a0 Dallas Willard\u00a0 |\u00a0 John Wilson.<\/p>\n<p><i>\u00a0<\/i><\/p>\n<p><i>Editado por<\/i> Julia L. Roller<\/p>\n","protected":false},"excerpt":{"rendered":"<p>Richard J. Foster\u00a0\u00e9 autor de v\u00e1rios livros, entre eles,\u00a0Celebra\u00e7\u00e3o da Disciplina, pastor e conferencista internacional, fundador do minist\u00e9rio Renovare, organiza\u00e7\u00e3o voltada para a reflex\u00e3o e forma\u00e7\u00e3o espiritual. &nbsp; &nbsp; &nbsp; &nbsp; Dallas Willard\u00a0foi professor da Escola de Filosofia da Universidade do Sul da Calif\u00f3rnia e tamb\u00e9m professor na Universidade de Wisconsin. Ao lado de Richard [&hellip;]<\/p>\n","protected":false},"author":24,"featured_media":0,"parent":0,"menu_order":5,"comment_status":"open","ping_status":"open","template":"","meta":{"footnotes":""},"class_list":["post-13","page","type-page","status-publish","hentry"],"_links":{"self":[{"href":"https:\/\/ultimato.com.br\/sites\/25-livros-que-todo-cristao-deveria-ler\/wp-json\/wp\/v2\/pages\/13","targetHints":{"allow":["GET"]}}],"collection":[{"href":"https:\/\/ultimato.com.br\/sites\/25-livros-que-todo-cristao-deveria-ler\/wp-json\/wp\/v2\/pages"}],"about":[{"href":"https:\/\/ultimato.com.br\/sites\/25-livros-que-todo-cristao-deveria-ler\/wp-json\/wp\/v2\/types\/page"}],"author":[{"embeddable":true,"href":"https:\/\/ultimato.com.br\/sites\/25-livros-que-todo-cristao-deveria-ler\/wp-json\/wp\/v2\/users\/24"}],"replies":[{"embeddable":true,"href":"https:\/\/ultimato.com.br\/sites\/25-livros-que-todo-cristao-deveria-ler\/wp-json\/wp\/v2\/comments?post=13"}],"version-history":[{"count":6,"href":"https:\/\/ultimato.com.br\/sites\/25-livros-que-todo-cristao-deveria-ler\/wp-json\/wp\/v2\/pages\/13\/revisions"}],"predecessor-version":[{"id":43,"href":"https:\/\/ultimato.com.br\/sites\/25-livros-que-todo-cristao-deveria-ler\/wp-json\/wp\/v2\/pages\/13\/revisions\/43"}],"wp:attachment":[{"href":"https:\/\/ultimato.com.br\/sites\/25-livros-que-todo-cristao-deveria-ler\/wp-json\/wp\/v2\/media?parent=13"}],"curies":[{"name":"wp","href":"https:\/\/api.w.org\/{rel}","templated":true}]}}